 divided by 5?
3
Let w(d) = -4*d**2 + 20*d + 15. Let s(l) = -2*l**2 + 10*l + 8. Let o(p) = -5*s(p) + 2*w(p). What is the remainder when o(8) is divided by 10?
8
Suppose -4*s - 128 = -p, -p - 4*s - 248 = -3*p. Calculate the remainder when p is divided by 31.
27
Let x(k) = -k - 13. Let v be x(-14). Let y be (-1)/(-2)*(-21 + 3). Let u = v - y. What is the remainder when u is divided by 6?
4
Suppose 4*z = -3*o + 141, -4*o + 2*o + 72 = 2*z. Suppose 5*a + 39 - 6 = r, 2*r + a - z = 0. Calculate the remainder when 33 is divided by r.
15
Let j = 588 - 394. What is the remainder when j is divided by 49?
47
Let f(i) = -i**3 - 5*i**2 + 9*i + 9. Let n = 0 - 1. Let q be (8 + 0 - 1)*n. What is the remainder when f(q) is divided by 15?
14
Suppose -2*f - 6 = 22. Let w(q) = -q**2 + 7*q - 2. What is the remainder when f*((-4 - -1) + 1) is divided by w(4)?
8
Let f be 1 - (-1 + 5)/(-4). Suppose f*y + 7*d - 3*d = 0, 5*d = 5*y - 75. Calculate the remainder when 48 is divided by y.
8
Let l be 2/(-3)*(-36)/8. Let z = l - 6. What is the remainder when 73 is divided by (1 - 2) + (z - -29)?
23
Suppose 0 = 3*k + 5*f + 4 - 2, 4*f - 4 = -k. Let r(p) = p**3 + 3*p**2 - 5*p + 3. Calculate the remainder when 25 is divided by r(k).
4
Calculate the remainder when 19 is divided by (2 - (-160)/(-85)) + (-83)/(-17).
4
Suppose -2*r = 2*l - 2, -4*l + 0*l + 10 = r. Suppose -2*o = -0*o - 5*t - 170, 3*o - 234 = -l*t. What is the remainder when 38 is divided by 1/(-3) + o/6?
12
Calculate the remainder when 22 is divided by (2 + -53)/(-3) + -3.
8
Let d = -6 - -5. Let q be -3 + (d + 0)*-1. Calculate the remainder when 2*((-34)/(-4) + q) is divided by 7.
6
Let c = 34 + -7. What is the remainder when 77 is divided by c?
23
Suppose 8*l = 4*l + 4. Let p(d) = d**3 + d**2 - 2*d + 1. What is the remainder when p(1) is divided by l?
0
Let n(w) be the first derivative of -1/2*w**2 - 2 + w + 5/4*w**4 + 0*w**3. What is the remainder when n(1) is divided by 2?
1
Let r(z) = z**3 + 6*z**2 + 6*z + 6. Suppose p - 5*p - 12 = 2*s, -2*s - 4 = 2*p. Let f(i) = -3*i - 4. What is the remainder when r(-4) is divided by f(p)?
6
Let c(v) = v**3 + v**2 - v - 4. Let x be c(0). Calculate the remainder when 31 is divided by 316/28 - x/(-14).
9
Let n = 42 - 36. What is the remainder when 26 is divided by n?
2
Suppose -5*c + 2*m = -43, 2*c - 3 = -3*m - 1. Suppose 5*y = 2*t + 33, 2*y + 0*y = -4*t - 6. What is the remainder when c is divided by y?
2
Suppose -90 = -7*s + 2*s. Suppose -n - 2*o = -4*o - s, 4*n + 2*o - 42 = 0. What is the remainder when 14 is divided by 4/2*n/3?
6
Let j = 124 - 38. Calculate the remainder when j is divided by 22.
20
Let w = -3 + 5. What is the remainder when 4 is divided by w?
0
Calculate the remainder when (12/24)/(2/404) is divided by 34.
33
Suppose 0 = -11*x + 552 - 222. Calculate the remainder when 59 is divided by x.
29
Suppose 121 = 2*o + 3*o + 3*x, -2*o + 56 = 5*x. Calculate the remainder when 43 is divided by o.
20
Let w(j) = 2 + 1 + 3*j - 10. Let x be 1*15*2/3. Calculate the remainder when w(x) is divided by 8.
7
Let z = -2 + 6. Suppose -z*n = -17 - 35. Suppose -5*m + 117 = -i, -m + 4*i + 12 = -0*m. What is the remainder when m is divided by n?
11
Let t = -7 + 9. Let y(q) = 20*q - 2. Calculate the remainder when y(3) is divided by (26/3 - t)*3.
18
Let b(p) = -10*p + 2. What is the remainder when 65 is divided by b(-2)?
21
Let u = -150 - -102. Let q be 4/14 + u/(-28). Suppose q*b + 3*l = 80, -3*b - 4*l = -5*l - 131. What is the remainder when b is divided by 22?
21
Let d(a) = 2*a - 2. What is the remainder when 5 is divided by d(3)?
1
Let v = -7 + 10. Suppose -82 = -5*o - v*l, l = -2*o - 3*l + 30. Calculate the remainder when o is divided by 5.
2
Let s(q) = q**2 + q - 4. Let a(f) = -11*f - 23. Calculate the remainder when a(-4) is divided by s(3).
5
Let t(i) = i**3 - 28*i**2 + 32*i - 62. What is the remainder when t(27) is divided by 15?
13
Let k = 3 + 1. Suppose -k*a + 23 = -5. Calculate the remainder when a is divided by 4.
3
Let p(c) = -12*c + 3*c - c**2 + 4 - 16. Let r be p(-8). Calculate the remainder when 10 is divided by (-1)/(-4) - 23/r.
4
Suppose 3*z = -n + 16, 3*n + 4 = -z - 2*n. What is the remainder when 64 is divided by 99/z*8/6?
20
Let r(q) = q**3 - 4*q**2 + 12*q - 14. Calculate the remainder when r(6) is divided by 33.
31
Suppose -2*c = 3*c. Suppose 72 = -p + 2*y, c*p + 5*y + 44 = -p. What is the remainder when 5/2*p/(-20) is divided by 5?
3
Let j be 2 - 5 - 37 - -1. Let s = 66 + j. What is the remainder when s is divided by 10?
7
Let q(b) = 46*b + 2. Calculate the remainder when q(2) is divided by 12.
10
Let f(j) = j**3 - 5*j**2 + 5*j + 8. What is the remainder when f(5) is divided by 12?
9
Let o = -25 + 30. Calculate the remainder when 17 is divided by o.
2
Calculate the remainder when (-6)/((-12)/344 - 0) is divided by 25.
22
Suppose 5*a + 51 = 4*f, -2*f - 5*a + 19 = -44. What is the remainder when 75 is divided by f?
18
Let j(h) = 9*h - 108. Calculate the remainder when 286 is divided by j(20).
70
Let g = -15 - -48. Suppose b - g = -2*b. Calculate the remainder when b is divided by 6.
5
Let q = 25 - 5. What is the remainder when q is divided by 7?
6
Let x(o) = -4*o + 8*o - 4*o**3 + 2*o**2 - 7 + 7*o**2 + 3*o**3. Calculate the remainder when x(9) is divided by 10.
9
Let w = 288 + -259. Let y = 16 + 0. Calculate the remainder when w is divided by y.
13
Suppose 5*f - 81 - 49 = 0. What is the remainder when f is divided by 9?
8
Suppose -17*z = -10*z - 49. Calculate the remainder when 18 is divided by z.
4
Let w = -135 - -150. What is the remainder when 23 is divided by w?
8
Suppose -5*a = -m + 75, -4*m + 3*a = -151 - 81. Suppose 0*b - 19 = -b. What is the remainder when m is divided by b?
17
Suppose 0*h - 63 = -3*h. Let o = -100 + 111. What is the remainder when h is divided by o?
10
Suppose -g - 3 = t - 2*g, -g + 7 = t. What is the remainder when (t/2)/((-1)/(-11)) is divided by 3?
2
Suppose -2*s = 3*g - 98, -g - 4*g - 20 = 0. Let c = 10 - -9. Calculate the remainder when s is divided by c.
17
Suppose -3*m + h - 30 = -2*h, -2*m - 3*h = 20. Let q = m + 20. Calculate the remainder when 17 is divided by q.
7
Let g(p) = p**2 - 3*p - 3. Let c be g(3). Let a = 5 - c. What is the remainder when (1 - 5)*(-33)/6 is divided by a?
6
Let c(l) = l**2 + 10*l + 9. Let n be c(-6). Let v(o) = o**2 + 16*o + 18. Calculate the remainder when 8 is divided by v(n).
2
Suppose -14 + 9 = -h. Suppose 46 = h*u - 84. What is the remainder when u is divided by 14?
12
Let u(r) = 2*r**2 + 2*r + 4. What is the remainder when 1*(-2*1 + 15) is divided by u(-2)?
5
Suppose 5 + 27 = n. What is the remainder when n is divided by 17?
15
Let n(g) = -g - 2. Calculate the remainder when 33 is divided by n(-11).
6
Let l = -156 - -384. What is the remainder when l is divided by 46?
44
Let v = 9 - 9. Suppose 0 = -v*h - 2*h + 52. What is the remainder when h is divided by 9?
8
Let y(g) = -2*g**2 - 27*g - 8. What is the remainder when y(-13) is divided by 2?
1
Let u be -1*2*(-15)/(-10). Let r = 12 + u. Calculate the remainder when r is divided by 3.
0
Let h(z) = 3*z**2 + 3*z + 2. Suppose -x = -5*g + 23, 5*x - 2*g + 11 = -12. What is the remainder when 58 is divided by h(x)?
18
Suppose 10 = m + 1. Let z = 52 + -35. What is the remainder when z is divided by m?
8
Suppose 5*f = 12 + 3. Suppose 0 = 2*p + f*p - 35. What is the remainder when 13 is divided by p?
6
Let i(u) = u**2 + 12*u + 13. Calculate the remainder when 203 is divided by i(-14).
39
Let l be (-2)/8 - 41/(-4). Let g(f) = f - 5. What is the remainder when g(l) is divided by 4?
1
Suppose -3*c - 96 = -6*c. Calculate the remainder when c is divided by (-1 - 10)*(-1 - 0).
10
Let d be 2/4 - 35/(-10). Suppose j + d*j + 25 = 0. What is the remainder when 17 is divided by (j + 9)*(-6)/(-4)?
5
Let g(h) = 3*h - 1. Let s(b) = 7*b - 1. Let y(c) = 15*g(c) - 6*s(c). Let t = 11 - 2. Calculate the remainder when y(t) is divided by 10.
8
Suppose -n - 3*i - 30 = -127, 5*n = 4*i + 447. What is the remainder when n is divided by 23?
22
Suppose -3*o - 3*y + 356 = y, 2*o = -2*y + 240. Suppose -2*b = 2*b - o. What is the remainder when b is divided by 11?
9
Let n(h) = 10*h + 6. Let r be n(-3). Let m = 5 - r. Calculate the remainder when m is divided by 8.
5
Suppose 5*c - 2*d -